ist the prime factors of u.
3, 11
Suppose n - 4*n = -6. Suppose n*f - h = 19 - 7, 2*f - 16 = 3*h. Suppose 4*k - 57 = -f. What are the prime factors of k?
13
Let t be 133/2 - 3/6. Suppose 3*g - t = -3*l, -47 = -2*l - g + 2*g. List the prime factors of l.
23
Let g(p) = -2*p - 5. Suppose -20 = 4*u - 0. List the prime factors of g(u).
5
Let r(y) = -5 + y + 4 - 2*y. Suppose 3*t + 28 = -4*h + 2*h, -4*h - 2 = -3*t. What are the prime factors of r(t)?
5
Let o = 245 + -200. List the prime factors of o.
3, 5
Let f(i) = i**2 - 11*i + 20. List the prime factors of f(19).
2, 43
Let g(c) = 2*c + 14. List the prime factors of g(6).
2, 13
Let c(y) = 51*y**2 - y - 2. What are the prime factors of c(2)?
2, 5
Let x be ((-14)/6)/((-4)/(-84)). List the prime factors of (36/(-14))/(7/x).
2, 3
Let b be (-5)/(10/(-36)) - -2. Suppose 2*u + b = 3*u. List the prime factors of u.
2, 5
Let p = 9 + -23. Let v = -6 - p. What are the prime factors of v?
2
Suppose 0 = -7*b + 2*b + g + 175, -2*g + 70 = 2*b. What are the prime factors of b?
5, 7
Let h(f) = 3*f**2 + 3*f - 4. What are the prime factors of h(-2)?
2
Let n = 1 - -26. List the prime factors of n.
3
Let r(n) = 6*n + 5. Let f be r(-2). Let s(i) = i**3 + 8*i**2 - 3*i - 10. What are the prime factors of s(f)?
2, 3, 5
List the prime factors of (-62 - -7)*(-18)/15.
2, 3, 11
Let k(q) = -6 - 5*q - 4*q - 5*q**2 + 4*q**2. What are the prime factors of k(-7)?
2
Suppose -3*q + c = -68, -4*q - 6*c + 78 = -c. List the prime factors of q.
2, 11
Let c = 2 + 0. Suppose -c*h - 2*h = -8. Suppose l - 10 = -x - 0*x, 5*x - 8 = h*l. What are the prime factors of l?
2, 3
Suppose 2*c - 326 = -3*c - 3*v, -3*c + 186 = -3*v. What are the prime factors of c?
2
Suppose -5*m = 53 - 248. What are the prime factors of m?
3, 13
Suppose 3*r - z + 5*z + 14 = 0, 4*r + 5*z + 17 = 0. Suppose -2*h - 48 = -3*p, -48 = -r*p - 5*h + h. Suppose 0 = 2*a + a - p. What are the prime factors of a?
2, 3
Let v = -17 + 33. Suppose -i + 8 = 4*l, 2*l + v - 62 = -4*i. What are the prime factors of i?
2, 3
Suppose 0 = -10*i - 97 + 647. List the prime factors of i.
5, 11
Suppose -a + 39 = -4*t - 11, 5*t + 5*a = -50. Let o = -8 + 10. List the prime factors of 2 - t - 2/o.
13
Let q = 150 + -89. What are the prime factors of q?
61
Suppose 6 = -2*b, 0 = 3*q + 4*b + 43 - 4. Let x(v) = -4*v - 22. List the prime factors of x(q).
2, 7
Let v be ((-10)/(-6))/((-3)/(-9)). Suppose 2*t + 36 = 4*c + 6, 2*t - 15 = -v*c. Suppose -s + 2*s = -3*m + 2, 0 = c*m + 2*s - 2. List the prime factors of m.
2
Let s(w) = 3*w**2. Let q be s(1). Let k(c) = 0*c**2 - c**2 + 5 - c + 6*c - 4. List the prime factors of k(q).
7
Suppose 0 = -2*v - 3*l - 100, 0*l + 100 = -2*v + 2*l. Let o = -33 - v. Suppose 19 - 2 = h + 5*j, -h + o = -5*j. What are the prime factors of h?
17
Let l(o) = 2*o - 10 + 11 + 13 - o. Suppose 3*i - 10 = 5*i - 2*g, 2*i - 10 = -2*g. List the prime factors of l(i).
2, 7
List the prime factors of ((-6 - -1) + -127)*(-5)/3.
2, 5, 11
Let i be (-1)/((1/3)/(-1)). Suppose 0 = z - 0*z - 4*o - 22, -2*o + 10 = i*z. What are the prime factors of z?
2, 3
What are the prime factors of -2 + 7 + -3 + 55?
3, 19
Suppose 2*x + 1 = 9. Suppose -5*g + 179 - 34 = -3*u, -x*u - 12 = -g. List the prime factors of g.
2
Let d(k) = -k**2 + 4*k - 4*k**2 + 4*k**2 + 3. Let s be d(4). Suppose -2*n + 7 = s. List the prime factors of n.
2
Let x = 140 + -56. List the prime factors of x.
2, 3, 7
Let m(p) be the first derivative of -p**3/3 + 13*p**2/2 - 6*p - 6. What are the prime factors of m(5)?
2, 17
What are the prime factors of (-16)/(-20)*(25 + 0)?
2, 5
Suppose 0*s = 5*s - 25. List the prime factors of s.
5
Suppose -4*z + 5*n + 131 = 0, -n = 4*z + z - 142. Suppose -2*k + z = -9. What are the prime factors of k?
19
Let y be 15/2 - (-2)/(-4). Suppose -2*q + 3*j = 23, 0 = 2*j - y*j + 15. Let n = 1 - q. List the prime factors of n.
2
Let d(i) be the first derivative of 9*i**2/2 - 4*i - 6. List the prime factors of d(6).
2, 5
Let f be 15/(-2*(-2)/4). Suppose 0 = -2*l - f + 5. What are the prime factors of (-2 + 6)*l/(-2)?
2, 5
Suppose -4*x = -3*k + k, 3*k = 5*x + 3. Suppose 5*v - 140 = -y + k, 0 = 5*v + 2*y - 147. What are the prime factors of v?
29
Suppose -3*v - 21 = s, s + 3*s = 5*v + 1. Let w = 24 + s. List the prime factors of w.
2, 3
Let z(x) = x**2 - 1. Let i(l) = -3*l**2 - 4*l + 3. Let d(b) = i(b) + 2*z(b). Let r be d(-5). List the prime factors of 141/12 - 1/r.
2, 3
Let v(j) = 2*j**2. Let b be v(-1). Suppose -3*q + 7 = -b*q. What are the prime factors of q?
7
Let v(n) = -n**3 - 5*n**2 - 5*n - 4. Let u be v(-4). Let q = 3 - u. Let j(z) = 3*z - 3. What are the prime factors of j(q)?
2, 3
Let l be (1 - 0)*0 + 5. Let r = 8 + 0. Suppose -2*t - r = 0, m - l*t - 39 = -9. List the prime factors of m.
2, 5
Let z = -4 - -6. Suppose -72 = -4*n + z*p, -p + 44 = 6*n - 3*n. Suppose c - 3*l - 13 = -0*c, 2*c - n = l. What are the prime factors of c?
7
Let u be (-16)/6*(-6 + 3). Suppose -2*s - u = 5*c - 2, -c - 3*s - 9 = 0. Let f = c + 6. List the prime factors of f.
2, 3
Suppose -4*o = 129 - 25. Let y = o - -39. What are the prime factors of y?
13
Suppose -6*r + 198 + 78 = 0. List the prime factors of r.
2, 23
Suppose -4*p + 84 = 5*t - 31, 0 = -2*t + 2*p + 28. Suppose 5*v - t = -4. List the prime factors of v.
3
Let z be 2/6*3 + 60. Suppose -5*y - 3*o - o = -71, -4*y + z = -o. What are the prime factors of y?
3, 5
Let w = -97 - -103. What are the prime factors of w?
2, 3
Let d(y) = -2*y**2 + 2*y**2 + 3 - 3*y**2 + 3*y + 2*y**2. Let s be d(4). List the prime factors of s - ((-21)/3 - -1).
5
Let r = -17 + 34. What are the prime factors of r?
17
Suppose 3*a - 8 - 4 = 0. Suppose 8 = -4*t - a. What are the prime factors of 24/2 + 0/t?
2, 3
Let k(h) = 1. Let o(c) = -3*c + 13. Let d = -1 - 0. Let l(q) = d*o(q) + 3*k(q). List the prime factors of l(7).
11
Let g(i) be the second derivative of -i**3/6 + 11*i**2 - i. List the prime factors of g(10).
2, 3
Suppose 4*n = h - 23, 3*h + 3*n - n = -1. Suppose 3*l - 17 = 5*u, -2*u - h*l + 1 = -3*u. Let r = 13 + u. List the prime factors of r.
3
Suppose 0*g + 33 = -3*g. Let p = 4 - g. List the prime factors of p.
3, 5
Let m(a) = a + 1. Let x = 9 + -10. Let j be m(x). Suppose j = 4*r + z - 28, 2*r + 44 = 5*r - 5*z. List the prime factors of r.
2
Let f(q) = -3*q. Let b(u) = -u. Let x(v) = -5*b(v) + f(v). List the prime factors of x(1).
2
Suppose -20 = -2*a - 2. Suppose -6*y + a*y = 18. List the prime factors of y.
2, 3
Suppose 0*h - h + 23 = 0. Suppose 2*z - h = -1. What are the prime factors of z?
11
Let x = 16 + 4. List the prime factors of x.
2, 5
Let d = -2 + 4. Let p(t) = -t + 4*t + t**d + t. What are the prime factors of p(-6)?
2, 3
Suppose -5*h = -0*h + 10. Let s(c) = 2*c**2 + 2*c - 1. Let a be s(h). Suppose 0 = -3*x + 2*t + 25, -a*x - 2*t + 3 = -14. List the prime factors of x.
7
Let c(f) = -f**3 - 13*f**2 - 13*f + 1. List the prime factors of c(-12).
13
Suppose 9*d = -51 + 609. What are the prime factors of d?
2, 31
What are the prime factors of -2*(1/(-5) - (-143)/(-10))?
29
Let l(j) = -j**3 - 7*j**2 + j + 9. Let i = -1 + -7. Let y be l(i). Suppose 5*n = 5*z - y, n + 34 = 2*z + 11. What are the prime factors of z?
2, 5
Let m(a) = 3 - 5*a - 2 + a - 3. Let q be m(-2). Suppose -2*t + q = -6. List the prime factors of t.
2, 3
Let k = -64 - -103. Suppose 0*a + 42 = 5*h + a, -4*h + a = -k. List the prime factors of h.
3
Suppose -2*a + 1 = -7. Suppose 12 = -d + 4*d - j, -a*d = 3*j - 16. Let b = d - -1. What are the prime factors of b?
5
Let u = 62 - -4. What are the prime factors of u?
2, 3, 11
Let p(j) = -j**3 - 5*j**2 - 2*j + 2. Let g be p(-2). Let t = 4 + g. Let r = 10 - t. What are the prime factors of r?
2, 3
Suppose -5*x + 4*l = l + 5, 3*x = 4*l + 8. Let c be (-30)/x*10/(-15). List the prime factors of c/(-2)*28/35.
2
Suppose -59 = -3*t + 61. What are the prime factors of t?
2, 5
Let q = -2 + 6. Suppose -r - 18 = -l, -q*l = l - r - 70. What are the prime factors of l?
13
Suppose 6*i + 21 = 81. List the prime factors of i.
2, 5
Let j be 12/(-42) - 60/(-14). Suppose j*v = 3*v + 12. Let h = v - 7. What are the prime factors of h?
5
Let j(q) = 4 + 1 + 4 + q. Let o be j(-6). Suppose -y - 3*s + 5 = -8, 5*s = y + o. List the prime factors of y.
7
Let z(p) = 2*p**2 + p - 3. Let x be z(-2). Suppo